1021011022
Convert 7318783 (base 10) to base 16.
6facff
What is -75269b (base 14) in base 16?
-3c7b01
1358873 (base 9) to base 14
156803
What is -1142201 (base 6) in base 15?
-12c31
What is -100011000111 (base 3) in base 12?
-88264
-2244243010 (base 5) to base 10
-5071630
-33771 (base 11) to base 16
-bec9
Convert -32123433 (base 5) to base 13.
-96172
-343034424 (base 6) to base 2
-11000000010111011110000
What is 53a7a9 (base 14) in base 9?
5287533
What is 444023111 (base 5) in base 6?
105321324
-21949 (base 14) to base 13
-2b08c
200543 (base 7) to base 4
20101202
Convert -7a216 (base 15) to base 2.
-1011110110111110100
What is 10235544 (base 6) in base 10?
300664
1000020001 (base 3) to base 16
4d86
21310302 (base 4) to base 3
2001012110
What is 521311533 (base 6) in base 15?
bd56b9
Convert 2456612 (base 7) to base 2.
1001101010111011100
-111101011011010110 (base 2) to base 7
-2065355
Convert 10010000100110111100 (base 2) to base 16.
909bc
What is -5542277 (base 9) in base 2?
-1011010111101000100000
33142505 (base 6) to base 8
3624111
1733440 (base 10) to base 3
10021001211111
-3cb5 (base 15) to base 2
-11001011000011
Convert 10110100100110110011000 (base 2) to base 7.
101205643
Convert -604463 (base 8) to base 14.
-52719
-3c978 (base 15) to base 8
-573721
Convert -1331230120 (base 4) to base 9.
-864204
-102222122222 (base 3) to base 14
-61dba
21232b7 (base 12) to base 10
6267883
1010001012222 (base 3) to base 8
2203024
b435b0 (base 12) to base 10
2826132
1b80d9 (base 16) to base 4
12320003121
235214b (base 12) to base 5
3221411203
Convert -110010101010100110100 (base 2) to base 10.
-1660212
What is 4cdce (base 16) in base 12?
13223a
What is -14200141 (base 5) in base 4?
-203313221
Convert 101323333 (base 4) to base 3.
10201210011
Convert -12a555 (base 12) to base 7.
-2423015
-677197 (base 10) to base 6
-22303101
-3302023332 (base 4) to base 6
-33132330
568754 (base 10) to base 14
10b3b4
What is 110000001111101000110 (base 2) in base 3?
2222022112202
-b1b0e (base 16) to base 5
-141242242
What is -ada45b (base 16) in base 7?
-165504161
What is -32213211 (base 5) in base 6?
-5503323
-21714 (base 12) to base 2
-1010110011000000
Convert -1000121022122 (base 3) to base 7.
-4422035
65624242 (base 7) to base 11
31aa995
Convert 507054 (base 9) to base 15.
5e017
-254b598 (base 13) to base 14
-1793608
What is -30511232 (base 6) in base 13?
-24a8aa
What is -124067 (base 9) in base 5?
-4401043
What is 122344103 (base 5) in base 15?
b9e88
What is 1101101000101010 (base 2) in base 7?
321554
What is -121012212 (base 4) in base 7?
-605526
-1110026 (base 11) to base 14
-389917
7a80 (base 15) to base 14
968b
What is 101000010011001001 (base 2) in base 10?
165065
Convert -32441420 (base 6) to base 13.
-27c546
Convert 22a28 (base 15) to base 13.
3b279
Convert 398b6 (base 14) to base 12.
69ba0
Convert 26244736 (base 8) to base 15.
7a8c29
Convert -719a2 (base 12) to base 3.
-21112102112
Convert -1087951 (base 11) to base 15.
-277aa1
Convert -13241110 (base 5) to base 10.
-133905
What is 15001 (base 12) in base 9?
44261
What is 1ca3d6 (base 14) in base 4?
3322233120
-10011100000000001 (base 2) to base 10
-79873
-5a7b5 (base 16) to base 14
-990c5
-11620b (base 12) to base 4
-1010122223
What is -11257676 (base 8) in base 10?
-2449342
Convert 10111000110001110 (base 2) to base 8.
270616
-121322201200 (base 4) to base 6
-401334304
What is 100311010 (base 4) in base 10?
68932
-417a9 (base 11) to base 15
-13076
What is -1112022122200 (base 3) in base 6?
-25233200
What is -28079 (base 15) in base 11?
-88495
726612 (base 10) to base 2
10110001011001010100
What is -b5a5a (base 13) in base 5?
-40430141
What is -175625 (base 10) in base 5?
-21110000
Convert -61381 (base 16) to base 2.
-1100001001110000001
What is -110101101222 (base 3) in base 16?
-3b846
Convert -2476293 (base 10) to base 9.
-4583746
110100000000011011 (base 2) to base 6
4322111
Convert 1134038 (base 9) to base 8.
2255404
What is 780466 (base 12) in base 16?
1d1e8e
Convert -309b8 (base 13) to base 12.
-42677
10111001101101001101101 (base 2) to base 9
12404325
Convert -1010010000100001110010 (base 2) to base 11.
-1577431
Convert 32324443 (base 5) to base 13.
9903c
70822 (base 12) to base 3
21102201122
Convert -98b14 (base 14) to base 12.
-15a066
Convert 75708 (base 10) to base 9.
124760
4225353 (base 9) to base 12
9104a0
Convert -135012 (base 8) to base 16.
-ba0a
What is 2000306 (base 7) in base 14?
61b3d
Convert -d2899 (base 16) to base 14.
-1863b3
Convert 2120121221022 (base 3) to base 8.
5164552
What is -a76e6 (base 15) in base 3?
-1000000000000
What is -121072 (base 9) in base 13?
-27299
1012211120122 (base 3) to base 4
2131302230
Convert 25c66 (base 13) to base 11.
48836
21200110011 (base 3) to base 2
100100111010111111
Convert -13281 (base 16) to base 11.
-53a52
What is -5872647 (base 10) in base 9?
-12040673
23626663 (base 7) to base 10
2108074
What is -2021011 (base 6) in base 3?
-11212212021
-542005 (base 6) to base 15
-d2bb
Convert -6270542 (base 9) to base 5.
-1324244424
What is -1a50 (base 11) in base 8?
-5044
Convert -1630427 (base 8) to base 5.
-110040234
Convert 133335 (base 13) to base 3.
212120122120
-53544510 (base 7) to base 15
-602d00
111101110001011 (base 2) to base 8
75613
Convert 1011011200013 (base 4) to base 16.
1145807
What is 13404666 (base 7) in base 9?
2307363
17888 (base 10) to base 16
45e0
What is -53322300 (base 6) in base 2?
-101111110010110011100
Convert 234521 (base 9) to base 5.
14003441
What is 587b9 (base 15) in base 4?
1010310102
Convert 11521374 (base 8) to base 16.
26a2fc
1063153 (base 8) to base 10
288363
What is -3a5363 (base 11) in base 4?
-2123123222
Convert -6195869 (base 10) to base 4.
-113220222131
Convert -46b142 (base 12) to base 10.
-1138946
Convert 151334 (base 6) to base 11.
aa75
71883 (base 16) to base 4
1301202003
1232214242 (base 5) to base 11
17745a3
Convert -210312122 (base 5) to base 7.
-10251313
What is -202210210122 (base 3) in base 14?
-a937b
What is 5489512 (base 11) in base 16?
92f7f6
-2744641 (base 9) to base 3
-2211111201101
1000000111011011011101 (base 2) to base 16
2076dd
-1040130300 (base 5) to base 11
-1311013
-228551 (base 9) to base 8
-414437
10100011101011100110 (base 2) to base 15
d39ad
Convert 721464 (base 8) to base 6.
5035352
1513401 (base 6) to base 12
42861
-101110202020011 (base 3) to base 13
-11cb210
Convert -14d04e (base 15) to base 4.
-3311210000
Convert 20244432 (base 6) to base 15.
b750b
What is -99724 (base 16) in base 14?
-1250a0
What is 10402124 (base 5) in base 4?
112030202
2202200122 (base 3) to base 10
54449
Convert 103646 (base 7) to base 10.
18164
Convert -12101011002200 (base 3) to base 16.
-2b983f
What is -4b331 (base 16) in base 4?
-1023030301
-1afc6 (base 16) to base 2
-11010111111000110
Convert 198231 (base 13) to base 9.
1184486
Convert 26401103 (base 7) to base 8.
11167573
-4452273 (base 11) to base 3
-112200121200201
Convert 421400304 (base 5) to base 16.
1aa80a
-c0dd9 (base 14) to base 5
-104314411
382b (base 12) to base 8
14343
What is -21aa (base 11) in base 4?
-231113
What is -5280015 (base 10) in base 16?
-50910f
What is -5305131 (base 6) in base 9?
-432501
Convert 122121012201 (base 3) to base 9.
577181
Convert 23442305 (base 6) to base 3.
1101102112012
832b40 (base 12) to base 3
10212112222110
What is 1381334 (base 9) in base 10?
762079
1108786 (base 14) to base 10
8090802
-d4979 (base 16) to base 7
-10254465
Convert 1298430 (base 14) to base 15.
bc3d21
1f0e9 (base 16) to base 11
87635
What is -bb8c8 (base 16) in base 3?
-1110000202212
Convert -257341 (base 11) to base 12.
-176488
9a2c40 (base 15) to base 12
2565673
Convert -10926 (base 13) to base 5.
-1430424
Convert -17342d9 (base 15) to base 5.
-13304403104
What is 13130030230 (base 4) in base 14?
38ab80
What is -20425334 (base 8) in base 5?
-2102230343
What is -132332 (base 8) in base 11?
-3186a
110311031 (base 4) to base 15
1a435
Convert 1724447 (base 9) to base 5.
221224224
-4a144a (base 11) to base 16
-c17a3
What is 86a (base 12) in base 13?
73c
54204414 (base 7) to base 10
4623504
Convert 20202513 (base 6) to base 8.
2145055
Convert 12254405 (base 7) to base 8.
4160161
What is 2360b0 (base 16) in base 3?
11100210101211
Convert -1042212 (base 6